) = -u**2 + 6*u - 1. Determine v(h).
4
Let n(a) = a**2 - 4*a - 3. Let v = -168 + 172. Determine n(v).
-3
Let s(m) be the third derivative of 9*m**2 - 1/60*m**5 + 0*m + 1/3*m**3 + 0 + 1/24*m**4. Determine s(2).
0
Let d(c) = 3*c - 3. Let y = 20 - 14. Determine d(y).
15
Let h(b) = -3*b**2 + 4*b - 11. Let l(q) = 2*q**2 - 2*q + 6. Let w(z) = 3*h(z) + 5*l(z). Give w(-3).
0
Let r(z) be the third derivative of z**5/60 + z**4/12 + 3*z**2. Let w = -9 - -5. Determine r(w).
8
Suppose -4*k = -9*k + 25. Suppose -3*r - 3*q + 21 = 0, 5*r = 3*r - k*q + 26. Let g(w) = -1 - 4*w**r - 4 + 3*w**3 + 5*w**2 - 3*w. Give g(4).
-1
Let h(v) = 8*v + 1. Suppose 0 = 2*k + c + 1, -k = 5*c + 1 + 13. Determine h(k).
9
Let h be (27/18)/(2/4). Suppose 0 = 3*y - 4*y + 3*u + 11, -17 = -h*y + u. Let z(f) = -3*f**2 + 0 - f**3 + 7 - y. Give z(-2).
-2
Let a(c) = c**2 - 3. Let s be (-58)/(-7) - 2/7. Let i = -2 + s. Suppose 0 = 5*h - 0*f + 5*f - 35, 0 = 2*h - 3*f + i. Calculate a(h).
6
Let t(r) = -r**2 - 2*r - 3. Let h = 81 - 78. Calculate t(h).
-18
Let z(c) = -c - 3. Let h be 4/26 + (-579)/(-39). Suppose -k + 3*f = -12, -2*k = -0*k - 3*f - h. Determine z(k).
-6
Let q(f) be the first derivative of -2 + f**2 + 5/3*f**3 + 0*f + 1/4*f**4. Suppose -5*c + 16 = -2*k - 2*k, 3*c + 12 = -3*k. Calculate q(k).
8
Let x(h) be the first derivative of h**5/20 - h**4/4 - 2*h**3/3 + 3*h**2/2 - 6*h + 6. Let k(a) be the first derivative of x(a). Determine k(4).
3
Let t(u) = -5*u**3 - 2*u - 1. Let q(o) = -o**2 - 3*o + 5. Let g be q(-4). Let r = -3 - -3. Suppose r = n + g. What is t(n)?
6
Let i(h) = -h**2 - h - 6. Let u(f) = 4*f - 16. Let c be u(4). Determine i(c).
-6
Let d(m) = m**2 + m + 1. Let t = 29 - 31. What is d(t)?
3
Let t(n) be the second derivative of 0 + 0*n**4 + 1/6*n**3 - n**2 - 2*n + 1/20*n**5. Suppose i = 4*i. Give t(i).
-2
Let p(f) = -f**3 + f**2 - f - 1. Suppose 0 = 3*i - 5*i. Determine p(i).
-1
Let m(u) be the second derivative of -1/20*u**5 + 5/2*u**2 - 1/6*u**3 + 0 - 2*u + 1/12*u**4. What is m(0)?
5
Let n(r) = -2*r + 1. Let z(c) = -16*c + 4. Let x(q) = -6*n(q) + z(q). Determine x(4).
-18
Let d(r) = 3*r - 14. Let b(q) = -8*q + 44. Let m(s) = 4*b(s) + 11*d(s). Calculate m(-11).
11
Suppose -6*i = -i - 10. Suppose i*q + 4 = q. Let m(y) = -y - 4. Determine m(q).
0
Let h = -70 + 70. Let d(z) = -z**3 - z**2 - z + 4. What is d(h)?
4
Let q(c) = c + 3. Suppose -5*y = -6*y + 3. Calculate q(y).
6
Let f(q) = 2*q + q**2 + 2*q**2 + 1 + q**2. Let a be f(-1). Let v(h) = -3 - a*h**2 + h + 2*h**2 + 4. Calculate v(-2).
-5
Let k(v) be the second derivative of v**4/12 - v**3 - 4*v**2 + 9*v. Let s(m) be the first derivative of k(m). Give s(5).
4
Let b(j) = 7*j**2 + 3*j - 2*j - 5*j**2. Let s(l) = l**3 + 2*l**2 - 2*l - 3. Let m be 2*(1 + -2)*1. Let k be s(m). Calculate b(k).
3
Let z(j) = -j - 5. Suppose 12 - 182 = 5*o. Let n be 14/21 - o/(-6). Calculate z(n).
0
Let u(v) = v**3 - 4*v**2 + 3*v - 4. Let f(j) = -3*j - 3. Suppose -2*y + 8 = -4*r - 7*y, r = -y - 2. Let s be f(r). Suppose -5*z + 18 = s. Calculate u(z).
-4
Let m(p) = -p**2 - 4*p - 2. Suppose -2*r + 3 + 0 = o, 0 = 5*r + 2*o - 9. Let g = -1 - r. Give m(g).
-2
Let r(f) be the third derivative of 0 + 1/2*f**3 + 1/6*f**4 + 1/120*f**6 + f**2 + 0*f + 1/20*f**5. Let v = 2 + -4. Calculate r(v).
-1
Let u(h) = -8*h**2 - 3*h - 2. Let d be u(-1). Let a = 1 + d. Let w(v) = v**3 + 6*v**2 + 5. Determine w(a).
5
Let s(i) = 2*i + 4. Suppose v = 3*j, 5*v = -4*j - 12 + 31. Calculate s(v).
10
Let g = 3 + -4. Let w(k) be the third derivative of -19*k**4/24 + 5*k**3/6 - 3*k**2. Let v(p) = 10*p - 3. Let t(f) = 7*v(f) + 4*w(f). Calculate t(g).
5
Let t be (-2)/6*0 - 24. Let a = -20 - t. Let p(y) = y**2 + y + 1. Let u(v) = -2*v**2 - 7*v + 3. Let q(f) = 3*p(f) + u(f). What is q(a)?
6
Let z be 25/(-5)*(-4)/(-5). Let n(j) = 4*j**2 + 4*j - 8. Suppose 3*c + 2*c + 5 = 0. Let l(d) = d**2 - 1. Let r(s) = c*n(s) + 3*l(s). Calculate r(z).
5
Let f(j) = -j**2 - 11*j - 2. Let o = -118 - -108. Determine f(o).
8
Let k be ((-2)/3)/(6/(-63)). Let h(z) = -k + 3*z + 2 - z. Calculate h(4).
3
Let d = 128 - 131. Let m(k) = -4*k - 2. What is m(d)?
10
Suppose -2*a - 2*h + 5 = -5, -13 = -2*a - 5*h. Let t(r) = 3*r - 3. Determine t(a).
9
Let d(z) be the second derivative of 0 + 1/6*z**3 - z + 5/2*z**2. Determine d(-4).
1
Let v(c) = c. Let o(m) = 5*m + 1. Let t(x) = 4*o(x) - 18*v(x). Calculate t(-4).
-4
Let j(w) be the third derivative of w**4/24 - w**3/6 + 30*w**2. Suppose 2*l = -l - 15. Calculate j(l).
-6
Let a(z) = z**3 + z**2 + z - 1. Let d(r) = 15*r**3 + 8*r**2 + 8*r - 5. Let o be 2/(-3) + 5/3. Let v(w) = o*d(w) - 6*a(w). Give v(-1).
-8
Let w(h) = -h**3 - 7*h**2 - 5*h + 1. Let j(x) = -x**3 + 3*x**2 - 2*x. Let l be j(3). What is w(l)?
-5
Let q = -6 + 4. Let u(r) be the third derivative of r**6/120 - r**4/6 - r**3/2 - r**2. Calculate u(q).
-3
Suppose 6*h - 4 = 2*h. Let y(j) = -4*j**2 + j - 1. What is y(h)?
-4
Suppose 3*a - 9 = -2*g, 7*a = -4*g + 2*a + 23. Suppose -3*d = -0*d - g. Suppose -4*w + 0*s = 2*s - 2, -3*s = d*w - 7. Let c(p) = 3*p - 2. Determine c(w).
-8
Suppose -2*v + 3*v - 4 = 0. Let y(b) be the second derivative of -2*b**2 - b**3 + 0 - 3*b + 1/12*b**v. Calculate y(5).
-9
Suppose -4*t = 5*s - 17, -2*t = -4*s - 0*s - 2. Let o(m) = t*m - 2 - 2*m + 1 - 3. Give o(0).
-4
Let u(v) be the first derivative of -v**4/2 - v**3/3 + v**2/2 + v - 3. Let s(c) = -c**2 + c - 2. Let l be s(0). Calculate u(l).
11
Let o(q) be the third derivative of q**5/120 + q**4/4 + 2*q**3/3 + 2*q**2. Let m(z) be the first derivative of o(z). Suppose -9 = 4*g + 11. What is m(g)?
1
Let i(p) = -2*p. Suppose 0 = -3*l + 6 - 21. Calculate i(l).
10
Let k(o) = o + 4. Let g = 7 - 11. Let a = g + 0. Calculate k(a).
0
Let k = -12 + 11. Let w be k - 5/((-5)/(-2)). Let d(v) = -3*v - 4. Give d(w).
5
Let a = 12 + -4. Let n(g) = -g - 2*g**2 + g - 13 + a*g + g**2. Let i(t) = 3*t**2 - 24*t + 38. Let z(o) = -6*i(o) - 17*n(o). Give z(6).
5
Let s(k) = k**3 - 4*k**2 + k + 7. Let m be s(3). Let y(f) = 6*f**2 - f + 1. Determine y(m).
6
Let i(g) = 1 - 2*g**2 - 4*g**2 + 5*g**2 + 0*g - 3*g. Suppose -5*s + 2*t - 23 = 0, 0 = 4*s + t + 2*t. What is i(s)?
1
Let a(i) = i - 2. Let x be 0 + 0 + 0 + 7. Suppose -5 = -3*l + x. What is a(l)?
2
Let q(n) = -7*n**3 + 7*n**2 - 13*n + 4. Let m(i) = 13*i**3 - 14*i**2 + 25*i - 8. Let l(b) = 6*m(b) + 11*q(b). Determine l(5).
-19
Let l(h) be the first derivative of -h**3/3 + 3*h**2/2 + 4*h - 1. Suppose 2 = -0*x + x, -29 = 3*f + 2*x. Let a = f + 15. Determine l(a).
0
Let q(g) = g**2 - 3*g - 3. Let n(d) = -d + 1. Let z be n(-4). What is q(z)?
7
Let t(w) = -w + 2. Let v(y) = y**2 - 10*y + 9. Let u = 33 - 22. Suppose h + 2 = u. Let k be v(h). Determine t(k).
2
Let s(l) = 2*l + 4. Let b(w) = w**2 - 3*w + 3. Let q(n) = -n. Let h(o) = b(o) + 3*q(o). Suppose 17 = -6*v + 41. Let j be h(v). Determine s(j).
-6
Suppose -2 = -3*p + 4. Let c(n) = -2*n + 0*n + 5*n**2 - 1 - 2*n**p. Let q be (-2)/1 + -3 + 4. Calculate c(q).
4
Let b be 1/(-3)*1*-21. Let i(m) = m**2 - 6*m - 8. What is i(b)?
-1
Let b be 3/9 - (-26)/(-6). Let n(q) = 0 + 2 + 2*q + 4. Determine n(b).
-2
Let d(n) = 11*n**3 - 9*n**2 - 11*n + 17. Let r(p) = 5*p**3 - 4*p**2 - 5*p + 8. Let y(w) = 6*d(w) - 13*r(w). Determine y(3).
4
Let v(q) = -2*q - 2 + q + 2. Calculate v(-1).
1
Let v = -9 - -7. Let s(d) = -2*d - 6. Let l(g) = g + 1. Let k(c) = -4*l(c) - s(c). Calculate k(v).
6
Suppose -5*w = -4*w. Let r(z) = 0*z**2 - 6*z**2 + w*z**2 - z**3 - 5*z + 5. Determine r(-5).
5
Suppose 0*z + 4*z = 0. Suppose z*c = c + 1. Let p(y) be the third derivative of -7*y**5/60 + y**4/12 + y**3/6 + y**2. What is p(c)?
-8
Let k be 22/4 - 90/18. Let p(l) be the first derivative of l**3 - k*l**2 + l + 1. What is p(1)?
3
Let q(v) be the third derivative of -v**9/12096 + v**7/2520 + v**6/720 + v**5/30 - 3*v**2. Let j(k) be the third derivative of q(k). Give j(-1).
4
Let k(a) = -a**3 + 6*a**2 + 8*a - 7. Let j be (-152)/(-24) + 4/6. What is k(j)?
0
Let b(n) be the first derivative of -3 - 5*n - 1/3*n**3 - 7/2*n**2. Determine b(-5).
5
Suppose -2*c + 3*c - 2 = 0. Let y(k) be the first derivative of -k**4/2 + 4*k**3/3 - 3*k**2/2 + 2*k - 1. Calculate y(c).
-4
Let p = -4 - -5. Let c be (0 + 2)*p/1. Let j(w) = 4*w + c - 1 + 0*w. Give j(1).
5
Suppose 0 = -4*o - 0*o + 20. Let u(m) = 2*m - 4*m**2 + o - 3 + 0. De